 highest common divisor of 22 and c.
11
Let h = -210 + 211. Let c(u) be the first derivative of 4*u**3 - u - 1. Let m be c(h). What is the highest common divisor of m and 99?
11
Let r(n) = -13*n**3 + n**2. Let h be r(-1). Suppose 147*s - 112 = 146*s. What is the greatest common factor of s and h?
14
Let y = 96 + -6. Let g = y + -69. Calculate the greatest common factor of 7 and g.
7
Let b = -33 - -36. Suppose -2*i - 4*q = -64, 2*i - b*i = q - 31. Calculate the greatest common factor of i and 90.
30
Let h(u) = -31*u - 14. Let o be h(2). Let r be o/4*2/((-6)/3). What is the highest common divisor of 76 and r?
19
Let o be (7 - (-287)/(-35))*-45. What is the highest common divisor of 306 and o?
18
Suppose 2*x = 2*y + 12, -2*y + 3*x = -y + 10. Let f be y*4/6*36/(-12). Calculate the highest common divisor of f and 20.
4
Suppose 5*t - 8 = 7. Suppose 9 = 3*h + t. Let m = 28 + -14. What is the greatest common factor of h and m?
2
Suppose 18 = 4*u + 2*a, -3*u = -u + 2*a - 14. Suppose u*d = 2 - 0. Suppose 62 = 2*g + 2*k, d = 3*k - 2. Calculate the highest common divisor of 20 and g.
10
Let b = 851 + -824. What is the greatest common divisor of b and 1161?
27
Suppose t - 71 = 5*a, -5*t + a + 106 = -3*t. Suppose -t = 3*g - 0*g. Let v = g + 35. What is the greatest common divisor of 198 and v?
18
Let w(x) = -x**3 - 5*x**2 - 10*x. Let z be w(-3). Let k be (-598)/(-10) + 13/65. Calculate the highest common factor of z and k.
12
Let s be 0 - -3 - -21*2. Suppose 0*z + 5*z + s = 0. Let p be z*(2 - 11/3). Calculate the greatest common divisor of p and 135.
15
Let f be 4 + (-2 - -1) + -7. Let x be f + 21/3 - -237. What is the greatest common factor of x and 48?
48
Suppose 0 = 2*a + 19 - 103. Let j(b) = 2 + 8*b**2 - 14*b**3 + 2 + 5*b + 1 + 13*b**3. Let v be j(5). Calculate the greatest common divisor of v and a.
21
Let k be (224/3)/(2/6). Let q(m) = -3*m**2 - 147*m - 1642. Let a be q(-18). Calculate the highest common divisor of a and k.
32
Let g = 168 - 98. Suppose -46 = 6*w - g. What is the greatest common divisor of w and 1?
1
Let x be ((-8)/6)/((-1)/12). Suppose 146*l - 392 - 374 = 110. What is the highest common divisor of l and x?
2
Let a = -74 - -88. What is the greatest common factor of 378 and a?
14
Let b = 289 - 283. Let v(z) = 44*z - 10. Let p be v(2). What is the highest common divisor of b and p?
6
Suppose -62*t - 108 = -89*t. Let o be (0 + -14)/(-1) + -2. What is the highest common factor of o and t?
4
Suppose 0 = -3*k - 26 - 4. Let o be -12 + 12 - (k + (2 - 0)). Calculate the highest common factor of o and 32.
8
Suppose -42 = n - 3*n. Suppose 0 = 5*t - n - 14. Let c be 1/((-6)/(-189))*2. What is the highest common factor of t and c?
7
Let c(t) = t**2 + 2*t + 20. Let p be c(4). What is the greatest common factor of p and 22?
22
Let l(k) = k**3 + 11*k**2 + 6*k - 5. Let y be l(-4). What is the greatest common factor of 2324 and y?
83
Suppose -138 + 3013 = 5*s. Calculate the highest common factor of 25 and s.
25
Let z = 223 + -199. Let b(n) = -5*n. Let h be b(4). Let a = z + h. Calculate the highest common divisor of 1 and a.
1
Let t = -359 - -389. Calculate the highest common factor of t and 15.
15
Let n(s) = -162*s - 262. Let v be n(-2). Calculate the greatest common divisor of 558 and v.
62
Let n = -919 - -1133. Calculate the highest common divisor of 4 and n.
2
Let d be ((7 - -5)/(-6))/((-4)/6). Suppose 5*m = d*m + 2*i + 242, -2*m + 242 = 2*i. Calculate the highest common factor of 11 and m.
11
Let t(a) = -5*a + 1. Let o be t(-3). Let x be (-5 - 6/(-2)) + 5. Let l be (80/(-15))/((-2)/x). Calculate the highest common factor of o and l.
8
Let n be 5282/58 + (-108)/1566. Calculate the greatest common divisor of 52 and n.
13
Let v = 217 + -172. Calculate the greatest common divisor of 153 and v.
9
Suppose -p + 4*s + 3 + 3 = 0, 4*p + 4*s - 24 = 0. Suppose 3*q = 15 + p. What is the highest common divisor of 1 and q?
1
Suppose -393 = -s + 377. What is the greatest common divisor of s and 165?
55
Let k be (5/2)/((-15)/(-288)*4). Let f = 30 - 15. Suppose -2*y + 39 - f = 0. What is the highest common factor of k and y?
12
Let j = 4182 - 4135. Let y(x) = 25*x**2 + 6*x - 1. Let n be y(4). What is the highest common divisor of j and n?
47
Let d = -19 - -185. Suppose -r - y + 63 = 0, 3*r + 2*y - 20 - d = 0. Calculate the greatest common divisor of r and 40.
20
Let o be 1/(((-78)/96)/(-13)). Calculate the greatest common divisor of 1 and o.
1
Suppose -54 = -3*x - 3*d, 0 = 2*x - 2*d - 33 + 9. Let g be (-1401)/(-4) - x/60. What is the highest common factor of 50 and g?
50
Let f(m) = 224*m**3 + m**2 + 7*m - 7. Let q be f(1). What is the greatest common factor of 108 and q?
9
Let n be (1059 - (-3 + 1)) + 68 + -65. What is the greatest common factor of 14 and n?
14
Let m(a) = 7*a + 288. Let r be m(-41). What is the greatest common factor of 157 and r?
1
Let h(o) = o + 3. Let l be h(5). Suppose -4*i = -l*i + 264. Let k be (-80)/(-13) - 30/195. What is the highest common divisor of k and i?
6
Let b be (2/(-6))/((-6)/18). Let d(i) = -b + 4 + 0*i - i + 2*i. Let h be d(9). What is the greatest common factor of h and 8?
4
Suppose 39 = 4*y - 21. Let l = 553 + -388. What is the highest common divisor of l and y?
15
Let x be (3 - -15)*1/(-1 + 4). Let z be 2 - (-3)/(-2) - (-285)/x. Calculate the greatest common divisor of z and 72.
24
Suppose 4*f = 26 - 6. Suppose -a = 5*m - 23, 5*a - 56 - f = 2*m. What is the highest common divisor of 13 and a?
13
Suppose 4*k = -0*k + 4*r + 12, -4*k - 5*r = 15. Suppose k = -2*b + 6, 4*m + 3*b - 141 = -0*b. What is the highest common divisor of m and 11?
11
Let z = -30 - -94. Let h be 15 + 4 + 18/(-6). Calculate the highest common divisor of z and h.
16
Let z(b) = 2*b - 4. Let l be z(4). Suppose -6 - 2 = l*c. Let p be (-1)/c*14 + 3. What is the greatest common factor of p and 90?
10
Let x(y) = -y**3 + 6*y**2 + 6*y - 1. Let r be x(7). Let k be r/(-16)*-4*4. Let v be (-252)/24*k/14. What is the highest common factor of v and 30?
6
Let d(t) = -4*t**2 + 2*t**2 + 3*t**2 + 7 - 4*t. Suppose 2*v - 5 = 5. Let l be d(v). What is the greatest common divisor of l and 6?
6
Suppose -2*g + 66 = -j, -4*g + 0*g - 4*j = -144. Suppose -b = 68 - 85. Calculate the greatest common factor of b and g.
17
Let y be (-3 + 4)/((-1)/19). Let h = y + 122. Let n = 180 - h. What is the highest common factor of 11 and n?
11
Let j(m) = -3*m**2 - 16*m + 8. Let b be j(-8). Let v be (-16)/b - (-150)/14. Calculate the greatest common divisor of v and 121.
11
Suppose 175*f - 180*f + 180 = 0. Let g(t) = 4*t**2. Let s be g(1). Let b = 20 + s. What is the greatest common factor of f and b?
12
Let s = 280 - 198. Suppose 0*r = 4*q - 4*r - 488, -3*r = 5*q - 618. Calculate the highest common factor of q and s.
41
Let l(r) be the second derivative of r**3/3 - 3*r**2/2 + 32*r. Let n be l(6). What is the greatest common divisor of n and 9?
9
Suppose -24*h + 16 = -22*h. Let m(c) = 2*c**2 + 9*c - 8. Let p be m(h). What is the highest common divisor of p and 24?
24
Let t be 15/15*(-52)/(-2). Let h be 8/2*7/7. Let s = h + t. Calculate the greatest common divisor of s and 20.
10
Let m be -5 + 52/(-10)*-20. Calculate the highest common divisor of m and 1584.
99
Let m = -142 + 163. What is the highest common factor of 777 and m?
21
Let g be -2 - (-13 + 24/(-6) + 3). What is the greatest common factor of g and 12?
12
Let p be ((-9)/(-3) - 0)/(1/78). Let s be 16/(-6)*(-39)/4. Calculate the greatest common divisor of s and p.
26
Let h(a) = 46*a - 4. Let s be h(7). Let c be 4/16 - s/(-8). What is the greatest common divisor of 8 and c?
8
Let z = 27 + 5. Let g = -8 - -14. Suppose -9*c = -g*c - 12. What is the greatest common divisor of z and c?
4
Let x = 6 + -10. Let g be (-16)/(-3) - x/(-12). Suppose 2*s = 3*b + 26, g*s = 4*b + 29 + 36. What is the highest common factor of s and 26?
13
Suppose 33*h - 39*h = 360. Let p = h - -75. Calculate the greatest common factor of p and 165.
15
Let d(y) = -7*y - 71. Let p be d(29). Let z(q) = 22*q + 1. Let x be z(-6). Let t = x - p. What is the highest common factor of 13 and t?
13
Let c = -35 + 80. Let i = 1574 - 1079. What is the greatest common divisor of c and i?
45
Suppose 4*d - 12 = 7*d. Let k be ((-2)/(-4))/(d/(-288)). Calculate the greatest common divisor